{"id":517,"date":"2020-02-13T12:21:08","date_gmt":"2020-02-13T12:21:08","guid":{"rendered":"http:\/\/www.crvenikrizbuje.hr\/?page_id=517"},"modified":"2021-02-10T10:58:46","modified_gmt":"2021-02-10T10:58:46","slug":"pravo-na-pristup-informacijama","status":"publish","type":"page","link":"https:\/\/www.crvenikrizbuje.hr\/?page_id=517","title":{"rendered":"PRAVO NA PRISTUP INFORMACIJAMA"},"content":{"rendered":"\n<p class=\"has-very-dark-black-color has-text-color\"><strong>Slu\u017ebenik za informiranje<\/strong><\/p>\n\n\n\n<p><strong>Hrvoje Kova\u010devi\u0107&nbsp;<\/strong><br>Tel:&nbsp; 052&nbsp;\/ 772 446&nbsp;<br>Fax: 052&nbsp;\/ 772 446&nbsp;<br>e-mail:&nbsp;info@crvenikrizbuje.hr<\/p>\n\n\n\n<p class=\"has-very-dark-black-color has-text-color\"><strong>Pravo na pristup informacijama<\/strong><\/p>\n\n\n\n<p class=\"has-text-color\" style=\"color:#a30003\"><strong>Zakonom o pravu na pristup informacijama<\/strong>&nbsp;ure\u0111eno je pravo na pristup informacijama koje posjeduje Gradsko dru\u0161tvo Crvenog kri\u017ea Buje<\/p>\n\n\n\n<p>Zakonom se propisuju&nbsp;na\u010dela prava na pristup, izuzeci od prava na pristup te postupak za ostvarivanje i za\u0161titu prava na pristup informacijama. Cilj zakona je omogu\u0107iti i osigurati pristup informacijama fizi\u010dkim i pravnim osobama putem otvorenosti i javnosti djelovanja tijela javne vlasti, sukladno zakonu.<\/p>\n\n\n\n<div class=\"wp-block-image\"><figure class=\"aligncenter size-large\"><img loading=\"lazy\" decoding=\"async\" width=\"780\" height=\"468\" src=\"http:\/\/www.crvenikrizbuje.hr\/wp-content\/uploads\/2020\/02\/pristup-informacijama.jpg\" alt=\"\" class=\"wp-image-762\" srcset=\"https:\/\/www.crvenikrizbuje.hr\/wp-content\/uploads\/2020\/02\/pristup-informacijama.jpg 780w, https:\/\/www.crvenikrizbuje.hr\/wp-content\/uploads\/2020\/02\/pristup-informacijama-300x180.jpg 300w, https:\/\/www.crvenikrizbuje.hr\/wp-content\/uploads\/2020\/02\/pristup-informacijama-768x461.jpg 768w\" sizes=\"auto, (max-width: 780px) 100vw, 780px\" \/><\/figure><\/div>\n\n\n\n<p>Pravo na informaciju ostvaruje se podno\u0161enjem zahtjeva u primitku&nbsp;teksta. Ukoliko se zahtjev podnosi pisanim putem potrebno je ispuniti Obrazac zahtjeva za pristup informacijama kojeg mo\u017eete poslati:<\/p>\n\n\n\n<ul class=\"wp-block-list\"><li><strong>na adresu Gradskog dru\u0161tva Crvenog kri\u017ea Buje<\/strong><\/li><li><strong>na broj fax-a: 052 \/ 772 446&nbsp;<\/strong><\/li><li><strong>elektroni\u010dkom po\u0161tom na: &nbsp;info@crvenikrizbuje.hr<\/strong><\/li><li><strong>ili donijeti osobno u Gradsko dru\u0161tvo Crvenog kri\u017ea Buje &nbsp;od 8-15 sati svakim radnim danom<\/strong><\/li><\/ul>\n\n\n\n<p><\/p>\n\n\n\n<p><\/p>\n\n\n\n<p><\/p>\n\n\n\n<div class=\"wp-block-file aligncenter\"><a href=\"http:\/\/www.crvenikrizbuje.hr\/wp-content\/uploads\/2020\/02\/Zakon-o-pravu-na-pristup-informacijama.pdf\" target=\"_blank\" rel=\"noreferrer noopener\">Zakon-o-pravu-na-pristup-informacijama<\/a><\/div>\n\n\n\n<div class=\"wp-block-file aligncenter\"><a href=\"https:\/\/www.crvenikrizbuje.hr\/wp-content\/uploads\/2021\/02\/IZMJENE-I-DOPUNE-PRAVA-NA-PRISTUP-INFORMACIJAMA.pdf\" target=\"_blank\" rel=\"noreferrer noopener\">IZMJENE-I-DOPUNE-PRAVA-NA-PRISTUP-INFORMACIJAMA<\/a><\/div>\n\n\n\n<div class=\"wp-block-file aligncenter\"><a href=\"https:\/\/www.crvenikrizbuje.hr\/wp-content\/uploads\/2021\/02\/Zahtjev-za-informaciju.docx\" target=\"_blank\" rel=\"noreferrer noopener\">ZAHTJEV-ZA-INFORMACIJU<\/a><\/div>\n\n\n\n<div class=\"wp-block-file aligncenter\"><a href=\"https:\/\/www.crvenikrizbuje.hr\/wp-content\/uploads\/2021\/02\/ZAHTJEV-ZA-DOPUNU-ILI-IZMJENU-INFORMACIJE.doc\" target=\"_blank\" rel=\"noreferrer noopener\">ZAHTJEV-ZA-DOPUNU-ILI-IZMJENU-INFORMACIJE<\/a><\/div>\n\n\n\n<div class=\"wp-block-file aligncenter\"><a href=\"https:\/\/www.crvenikrizbuje.hr\/wp-content\/uploads\/2021\/02\/ZAHTJEV-ZA-PONOVNU-UPORABU-INFORMACIJA.doc\" target=\"_blank\" rel=\"noreferrer noopener\">ZAHTJEV-ZA-PONOVNU-UPORABU-INFORMACIJA<\/a><\/div>\n\n\n\n<div class=\"wp-block-file aligncenter\"><a href=\"http:\/\/www.crvenikrizbuje.hr\/wp-content\/uploads\/2020\/02\/Izvje\u0161\u0107e-o-provedbi-Zakona-o-pravu-na-pristup-informacijama-za-2018.-godinu.pdf\" target=\"_blank\" rel=\"noreferrer noopener\">Izvje\u0161\u0107e-o-provedbi-Zakona-o-pravu-na-pristup-informacijama-za-2018.-godinu<\/a><\/div>\n\n\n\n<div class=\"wp-block-file aligncenter\"><a href=\"https:\/\/www.crvenikrizbuje.hr\/wp-content\/uploads\/2021\/02\/Godi.-zvjesce-2019.pdf\" target=\"_blank\" rel=\"noreferrer noopener\">Izvje\u0161\u0107e-o-provedbi-Zakona-o-pravu-na-pristup-informacijama-za-2019.-godinu<\/a><\/div>\n\n\n\n<div class=\"wp-block-file aligncenter\"><a href=\"https:\/\/www.crvenikrizbuje.hr\/wp-content\/uploads\/2021\/02\/Godisnje_izvjesce.pdf\" target=\"_blank\" rel=\"noreferrer noopener\">izvjesce-o-provedbi-Zakona-o-pravu-na-pristup-informacijama-za-2020.-godinu<\/a><\/div>\n\n\n\n<div class=\"wp-block-file aligncenter\"><a href=\"https:\/\/www.crvenikrizbuje.hr\/wp-content\/uploads\/2021\/02\/PRAVILNIK-ZASTITE-OSOBNIH-PODATAKA-I-PRIVATNOSTI.pdf\" target=\"_blank\" rel=\"noreferrer noopener\">PRAVILNIK-ZASTITE-OSOBNIH-PODATAKA-I-PRIVATNOSTI<\/a><\/div>\n\n\n\n<p><\/p>\n","protected":false},"excerpt":{"rendered":"<p>Slu\u017ebenik za informiranje Hrvoje Kova\u010devi\u0107&nbsp;Tel:&nbsp; 052&nbsp;\/ 772 446&nbsp;Fax: 052&nbsp;\/ 772 446&nbsp;e-mail:&nbsp;info@crvenikrizbuje.hr Pravo na pristup informacijama Zakonom o pravu na pristup informacijama&nbsp;ure\u0111eno je pravo na pristup informacijama koje posjeduje Gradsko dru\u0161tvo<\/p>\n","protected":false},"author":1,"featured_media":0,"parent":0,"menu_order":0,"comment_status":"closed","ping_status":"closed","template":"","meta":{"_monsterinsights_skip_tracking":false,"_monsterinsights_sitenote_active":false,"_monsterinsights_sitenote_note":"","_monsterinsights_sitenote_category":0,"footnotes":""},"class_list":["post-517","page","type-page","status-publish","hentry"],"_links":{"self":[{"href":"https:\/\/www.crvenikrizbuje.hr\/index.php?rest_route=\/wp\/v2\/pages\/517","targetHints":{"allow":["GET"]}}],"collection":[{"href":"https:\/\/www.crvenikrizbuje.hr\/index.php?rest_route=\/wp\/v2\/pages"}],"about":[{"href":"https:\/\/www.crvenikrizbuje.hr\/index.php?rest_route=\/wp\/v2\/types\/page"}],"author":[{"embeddable":true,"href":"https:\/\/www.crvenikrizbuje.hr\/index.php?rest_route=\/wp\/v2\/users\/1"}],"replies":[{"embeddable":true,"href":"https:\/\/www.crvenikrizbuje.hr\/index.php?rest_route=%2Fwp%2Fv2%2Fcomments&post=517"}],"version-history":[{"count":0,"href":"https:\/\/www.crvenikrizbuje.hr\/index.php?rest_route=\/wp\/v2\/pages\/517\/revisions"}],"wp:attachment":[{"href":"https:\/\/www.crvenikrizbuje.hr\/index.php?rest_route=%2Fwp%2Fv2%2Fmedia&parent=517"}],"curies":[{"name":"wp","href":"https:\/\/api.w.org\/{rel}","templated":true}]}}