{"id":541,"date":"2020-02-13T14:54:22","date_gmt":"2020-02-13T14:54:22","guid":{"rendered":"http:\/\/www.crvenikrizbuje.hr\/?page_id=541"},"modified":"2021-02-05T09:08:06","modified_gmt":"2021-02-05T09:08:06","slug":"sluzba-trazenja","status":"publish","type":"page","link":"https:\/\/www.crvenikrizbuje.hr\/?page_id=541","title":{"rendered":"SLU\u017dBA TRA\u017dENJA"},"content":{"rendered":"\n<p> <strong>Slu\u017eba tra\u017eenja jedna je od najstarijih djelatnosti Hrvatskog Crvenog kri\u017ea. Aktivnosti Slu\u017ebe tra\u017eenja provode se od 1878., otkada djeluje i Crveni kri\u017e na ovim prostorima.<br>Slu\u017eba tra\u017eenja ili aktivnosti na obnavljanju obiteljskih veza predstavljaju op\u0107i pojam koji obuhva\u0107a niz radnji \u010diji je cilj spre\u010davanje razdvajanja i nestanka osoba, odr\u017eavanje kontakata izme\u0111u \u010dlanova obitelji te rasvjetljavanje sudbine osoba koje se vode kao nestale.<\/strong><\/p>\n\n\n\n<p>Rad Slu\u017ebe tra\u017eenja temelji se na \u017denevskim konvencijama, njihovim Dopunskim protokolima, rezolucijama me\u0111unarodnih konferencija Crvenog kri\u017ea i Crvenog polumjeseca o nestalim osobama, Strategiji obnavljanja obiteljskih veza Me\u0111unarodnog pokreta Crvenog kri\u017ea i Crvenog polumjeseca (2008. &#8211; 2018.),&nbsp;<a href=\"https:\/\/www.hck.hr\/UserDocsImages\/dokumenti\/HCK%20glavni%20dokumenti\/Zakon_o_Hrvatskom_Crvenom_krizu.pdf\" target=\"_blank\" rel=\"noreferrer noopener\">Zakonu o Hrvatskom Crvenom kri\u017eu<\/a>&nbsp;(NN 71\/2010), te&nbsp;<a href=\"http:\/\/narodne-novine.nn.hr\/clanci\/sluzbeni\/2007_05_52_1703.html\" target=\"_blank\" rel=\"noreferrer noopener\">Pravilniku o Slu\u017ebi tra\u017eenja&nbsp;Hrvatskog Crvenog kri\u017ea<\/a>(NN 52\/07).<\/p>\n\n\n\n<p>Zada\u0107a Slu\u017ebe tra\u017eenja je izvje\u0161\u0107ivanje o \u017ertvama oru\u017eanih sukoba i provo\u0111enje postupaka tra\u017eenja nestalih osoba te omogu\u0107avanje uspostavljanja \u0161to br\u017eeg kontakta me\u0111u razdvojenim \u010dlanovima obitelji.<\/p>\n\n\n\n<p><\/p>\n\n\n\n<figure class=\"wp-block-image\"><img decoding=\"async\" src=\"https:\/\/www.hck.hr\/UserDocsImages\/slike\/Slu%C5%BEba%20tra%C5%BEenja\/Sluzba%20trazenja%20(1).jpg\" alt=\"\"\/><\/figure>\n\n\n\n<p>Rad Slu\u017ebe tra\u017eenja Hrvatskog Crvenog kri\u017ea jo\u0161 uvijek je najve\u0107im dijelom usmjeren na tra\u017eenja osoba nestalih u Domovinskom ratu, ali obuhva\u0107a i tra\u017eenja vezana uz oru\u017eane sukobe u svijetu (npr. Bosni i Hercegovini, Kosovu, kao i tra\u017eenja vezana uz Drugi svjetski rat).<\/p>\n\n\n\n<p>Slu\u017eba tra\u017eenja pru\u017ea usluge obnavljanja obiteljskih veza i razli\u010ditim kategorijama migranata (npr. tra\u017eiteljima azila, \u017ertvama trgovanja ljudima i dr.). Poma\u017ee u obnavljanju obiteljskih veza osoba razdvojenih zbog prirodnih katastrofa kao i \u010dlanovima obitelji koji su izgubili kontakt uslijed drugih situacija koje zahtijevaju humanitarno djelovanje.<\/p>\n\n\n\n<p>Nacionalni ured Slu\u017ebe tra\u017eenja Hrvatskog Crvenog kri\u017ea provodi aktivnosti na obnavljanju obiteljskih veza sura\u0111uju\u0107i na me\u0111unarodnom planu sa&nbsp;<a href=\"https:\/\/familylinks.icrc.org\/en\/Pages\/Countries\/Countries-and-contexts.aspx\" target=\"_blank\" rel=\"noreferrer noopener\">slu\u017ebama tra\u017eenja drugih nacionalnih dru\u0161tava Crvenog kri\u017ea i Crvenog polumjeseca<\/a>, &nbsp;<a href=\"https:\/\/www.icrc.org\/en\/home\" target=\"_blank\" rel=\"noreferrer noopener\">Me\u0111unarodnim odborom Crvenog kri\u017ea<\/a><a href=\"https:\/\/www.icrc.org\/en\/home\">,<\/a><a href=\"https:\/\/www.its-arolsen.org\/en\/\" target=\"_blank\" rel=\"noreferrer noopener\">Me\u0111unarodnom slu\u017ebom tra\u017eenja u Arolsenu<\/a>.<\/p>\n\n\n\n<p>Slu\u017eba tra\u017eenja prikuplja, evidentira i obra\u0111uje podatake, daje obavijesti o \u017ertvama oru\u017eanog sukoba zainteresiranim pojedincima, nadle\u017enim tijelima i organizacijama u zemlji i inozemstvu, i to za:<\/p>\n\n\n\n<ul class=\"wp-block-list\"><li><strong>ratne zarobljenike<\/strong><\/li><li><strong>civilne internirce<\/strong><\/li><li><strong>za\u0161ti\u0107ene osobe uhi\u0107ene du\u017ee od dva tjedna<\/strong><\/li><li><strong>za\u0161ti\u0107ene osobe na prinudnom boravku, ranjene, bolesne i umrle pripadnike oru\u017eanih snaga<\/strong><\/li><li><strong>nestale osobe<\/strong><\/li><li><strong>djecu sklonjenu u drugu zemlju, djecu odvojenu od roditelja zbog oru\u017eanog sukoba<\/strong><\/li><li><strong>razmjenu obiteljskih poruka \u010dlanova obitelji razdvojenih zbog oru\u017eanog sukoba ili drugih izvanrednih okolnosti<\/strong><\/li><li><strong>spajanje \u010dlanova obitelji razdvojenih zbog oru\u017eanog sukoba ili<\/strong><\/li><li><strong>drugih izvanrednih okolnosti<\/strong><\/li><\/ul>\n\n\n\n<p>druge zada\u0107e tra\u017eenja iz nadle\u017enosti Republike Hrvatske u kojima na osnovu me\u0111unarodnih ugovora sudjeluje Hrvatski Crveni kri\u017e kao \u0161to su:<\/p>\n\n\n\n<ul class=\"wp-block-list\"><li>izvr\u0161avanje obveza Republike Hrvatske kao potpisnice \u017denevskih konvencija o za\u0161titi \u017ertava rata u dijelu poslova koji su povjereni Hrvatskom Crvenom kri\u017eu;<\/li><li>zastupanje i promicanje ideje i na\u010dela Me\u0111unarodnog pokreta Crvenog kri\u017ea i Crvenog polumjeseca,\u017denevskih konvencija kao i me\u0111unarodnog humanitarnog prava i nadziranje njihove primjene u oru\u017eanim sukobima te zalaganje za za\u0161titu svih \u017ertava i za\u0161titu ljudskih prava.Slu\u017eba tra\u017eenja vodi tako\u0111er mirnodopska tra\u017eenja, izdaje potvrde o utvr\u0111enim \u010dinjenicama i izvatke iz prikupljene gra\u0111e, te pokre\u0107e postupke upisa u dr\u017eavne matice umrlih kod nadle\u017enih upravnih organa.<\/li><\/ul>\n\n\n\n<p>Da bi Slu\u017eba tra\u017eenja odgovorno zadovoljila sve zahtjeve koji se pred nju postavljaju potrebna je stalna edukacija profesionalaca i volontera prema programima Hrvatskog Crvenog kri\u017ea i Me\u0111unarodnog odbora Crvenog kri\u017ea.<\/p>\n\n\n\n<p class=\"has-text-color\" style=\"color:#a30000\"><strong>Slu\u017eba tra\u017eenja Gradskog dru\u0161tva Crvenog kri\u017ea Buje<\/strong>&nbsp;radi u prostorima Gradskog dru\u0161tva na adresi 1.svibnja 9, a gra\u0111anima&nbsp;<strong>je dostupna<\/strong>&nbsp;radnim danom od&nbsp;<strong>08.00 do 16.00 sati<\/strong><\/p>\n\n\n\n<p><strong>Family Links Network<\/strong><\/p>\n\n\n\n<p>Family Links Network mre\u017ea je koja poma\u017ee ljudima koji su se iz bilo kojeg razloga odvojili &nbsp;od svojih najmilijih ili koji nemaju nikakve vijesti o svojim \u010dlanovima obitelji. Unutar Me\u0111unarodne federacije Crvenog kri\u017ea i Crvenog polumjeseca aktiviran je rad ove mre\u017ee nakon usvajanja 2007. godine nove Strategije o obnavljanju obiteljskih veza (2008-2018).<\/p>\n\n\n\n<p>Pokret je vrlo brzo &nbsp;potvrdio svoju predanost, efikasnost&nbsp; i u\u010dinkovitost da &nbsp;odgovori na potrebe ljudi koji tra\u017ee bilo kakvu vijest o \u010dlanovima &nbsp;obitelji koji su razdvojeni zbog oru\u017eanog sukoba, katastrofa, migracija ili drugim izvanrednih&nbsp; situacija koje zahtijevaju takav oblik rada. Family Links Network umre\u017een je sa slu\u017ebama nacionalnih dru\u0161tava Crvenog kri\u017ea i Crvenog polumjeseca u \u010ditavom svijetu ali isto tako koordiniran od strane Sredi\u0161nje Agencije slu\u017ebe &nbsp;tra\u017eenja ICRC sa sjedi\u0161tem u \u017denevi.<\/p>\n\n\n\n<p>Na taj na\u010din razvijena je&nbsp; globalna mre\u017ea koja primjenjuje ista na\u010dela i metode rada u svakoj zemlji, a sura\u0111uje preko granica. U isto vrijeme, djeluje kao lokalna mre\u017ea koja odgovara na specifi\u010dne potrebe svake zajednice i pru\u017ea odgovor putem svojih profesionalnih djelatnika i &nbsp;volontera. To &nbsp;omogu\u0107uje &nbsp;sposobnost da pokret vrlo u\u010dinkovito odgovori u smislu pomo\u0107i razdvojenim &nbsp;obiteljima &nbsp;u cijelom svijetu na na\u010din neusporediv s bilo kojim drugom &nbsp;humanitarnom&nbsp; organizacijom u svijetu.<\/p>\n\n\n\n<div class=\"wp-block-image\"><figure class=\"aligncenter size-large\"><img loading=\"lazy\" decoding=\"async\" width=\"625\" height=\"410\" src=\"http:\/\/www.crvenikrizbuje.hr\/wp-content\/uploads\/2020\/02\/logo.jpg\" alt=\"\" class=\"wp-image-543\" srcset=\"https:\/\/www.crvenikrizbuje.hr\/wp-content\/uploads\/2020\/02\/logo.jpg 625w, https:\/\/www.crvenikrizbuje.hr\/wp-content\/uploads\/2020\/02\/logo-300x197.jpg 300w\" sizes=\"auto, (max-width: 625px) 100vw, 625px\" \/><\/figure><\/div>\n\n\n\n<p class=\"has-text-align-center\"><a href=\"https:\/\/familylinks.icrc.org\/\" target=\"_blank\" rel=\"noreferrer noopener\" aria-label=\" (opens in a new tab)\">https:\/\/familylinks.icrc.org\/<\/a><\/p>\n\n\n\n<p><\/p>\n","protected":false},"excerpt":{"rendered":"<p>Slu\u017eba tra\u017eenja jedna je od najstarijih djelatnosti Hrvatskog Crvenog kri\u017ea. Aktivnosti Slu\u017ebe tra\u017eenja provode se od 1878., otkada djeluje i Crveni kri\u017e na ovim prostorima.Slu\u017eba tra\u017eenja ili aktivnosti na obnavljanju<\/p>\n","protected":false},"author":1,"featured_media":0,"parent":0,"menu_order":0,"comment_status":"closed","ping_status":"closed","template":"","meta":{"_monsterinsights_skip_tracking":false,"_monsterinsights_sitenote_active":false,"_monsterinsights_sitenote_note":"","_monsterinsights_sitenote_category":0,"footnotes":""},"class_list":["post-541","page","type-page","status-publish","hentry"],"_links":{"self":[{"href":"https:\/\/www.crvenikrizbuje.hr\/index.php?rest_route=\/wp\/v2\/pages\/541","targetHints":{"allow":["GET"]}}],"collection":[{"href":"https:\/\/www.crvenikrizbuje.hr\/index.php?rest_route=\/wp\/v2\/pages"}],"about":[{"href":"https:\/\/www.crvenikrizbuje.hr\/index.php?rest_route=\/wp\/v2\/types\/page"}],"author":[{"embeddable":true,"href":"https:\/\/www.crvenikrizbuje.hr\/index.php?rest_route=\/wp\/v2\/users\/1"}],"replies":[{"embeddable":true,"href":"https:\/\/www.crvenikrizbuje.hr\/index.php?rest_route=%2Fwp%2Fv2%2Fcomments&post=541"}],"version-history":[{"count":0,"href":"https:\/\/www.crvenikrizbuje.hr\/index.php?rest_route=\/wp\/v2\/pages\/541\/revisions"}],"wp:attachment":[{"href":"https:\/\/www.crvenikrizbuje.hr\/index.php?rest_route=%2Fwp%2Fv2%2Fmedia&parent=541"}],"curies":[{"name":"wp","href":"https:\/\/api.w.org\/{rel}","templated":true}]}}