{"id":615,"date":"2020-02-14T10:59:13","date_gmt":"2020-02-14T10:59:13","guid":{"rendered":"http:\/\/www.crvenikrizbuje.hr\/?page_id=615"},"modified":"2021-07-22T10:26:35","modified_gmt":"2021-07-22T10:26:35","slug":"sluzba-spasavanja-zivota-na-vodi","status":"publish","type":"page","link":"https:\/\/www.crvenikrizbuje.hr\/?page_id=615","title":{"rendered":"SLU\u017dBA SPA\u0160AVANJA \u017dIVOTA NA VODI I EKOLO\u0160KA ZA\u0160TITA PRIOBALJA"},"content":{"rendered":"\n<p><strong>Osposobljavanje spasilaca i obnova licenci<\/strong><\/p>\n\n\n\n<p>S ciljem pripreme spasilaca na spa\u0161avanje iz vode u izvanrednim uvjetima (nevrijeme i veliki valovi na moru, poplave na rijekama), pokrenut je projekt edukacije za spa\u0161avanje iz vode u ote\u017eanim uvjetima. U edukaciju mogu biti uklju\u010deni samo spasioci s va\u017ee\u0107im uvjerenjem za spa\u0161avanje na otvorenim vodama Hrvatskog Crvenog kri\u017ea. Proces edukacije traje godinu dana, a sastoji se od uvodnog te\u010daja i 3 vi\u0161ednevne vje\u017ebe u stvarnim uvjetima. Nakon uspje\u0161nog usvajanja svih zadanih dijelova edukacije polaznici edukacije stje\u010du Uvjerenje za spasioca u ote\u017eanim uvjetima Hrvatskog Crvenog kri\u017ea.<\/p>\n\n\n\n<p>Hrvatski Crveni kri\u017e ima za cilj ustrojiti interventne jedinice za spa\u0161avanje na vodi koje su u stanju brzo reagirati na situaciju i izvr\u0161iti akcije spa\u0161avanja kao sastavni dio pripreme i odgovora na katastrofe.<\/p>\n\n\n\n<div class=\"wp-block-image\"><figure class=\"aligncenter size-large\"><img loading=\"lazy\" decoding=\"async\" width=\"1024\" height=\"683\" src=\"http:\/\/www.crvenikrizbuje.hr\/wp-content\/uploads\/2020\/02\/SPASILACKA-Spasioci-na-plazi.jpg\" alt=\"\" class=\"wp-image-616\" srcset=\"https:\/\/www.crvenikrizbuje.hr\/wp-content\/uploads\/2020\/02\/SPASILACKA-Spasioci-na-plazi.jpg 1024w, https:\/\/www.crvenikrizbuje.hr\/wp-content\/uploads\/2020\/02\/SPASILACKA-Spasioci-na-plazi-300x200.jpg 300w, https:\/\/www.crvenikrizbuje.hr\/wp-content\/uploads\/2020\/02\/SPASILACKA-Spasioci-na-plazi-768x512.jpg 768w\" sizes=\"auto, (max-width: 1024px) 100vw, 1024px\" \/><\/figure><\/div>\n\n\n\n<p>Organizacija Slu\u017ebe spa\u0161avanja na vodi u nadle\u017enosti je Hrvatskog Crvenog kri\u017ea te Dru\u0161tva Crvenog kri\u017ea Istarske \u017eupanije u Pazinu, koji za te poslove ima zaposlenog jednog djelatnika. Ova Slu\u017eba na na\u0161em podru\u010dju ve\u0107 vi\u0161e godina i djeluje, a programske aktivnosti su:<\/p>\n\n\n\n<ul class=\"wp-block-list\"><li><strong>edukacija spasilaca;<\/strong><\/li><li><strong>koordinacija rada spasilaca i suradnja s koncesionarima, organiziranje spasila\u010dkih postaja;<\/strong><\/li><li><strong>prevencija kroz projekt &#8220;Sigurnost na vodi&#8221;<\/strong><\/li><li><strong>Izrada procjene rizika na pla\u017eama&nbsp;<\/strong><\/li><\/ul>\n\n\n\n<p><\/p>\n\n\n\n<p><strong>Izrada procjene rizika na pla\u017eama<\/strong><\/p>\n\n\n\n<p>Izrada procjene rizika na pla\u017eama vr\u0161i se po metodologiji ILSE (International life-saving federation) koja ujedno prati standarde FEE (Foundation for environmental education) , utemeljitelja Plave zastave.<\/p>\n\n\n\n<p>Procjenu rizika izra\u0111uju osposobljeni instruktori Spasila\u010dke slu\u017ebe a ona obuhva\u0107a pregled zadanog podru\u010dja kupali\u0161ta, utvr\u0111ivanje mogu\u0107ih opasnosti povezanih s vodom ili u blizini vode, procjenu stupnja rizika za svaku od njih te predlaganje rje\u0161enja za smanjenje stupnja rizika ili potpuno uklanjanje opasnosti na kupali\u0161tu.<\/p>\n\n\n\n<p>Osnovni cilj postupka procjene rizika je smanjivanje mogu\u0107nosti nastanka nezgoda povezanih s vodom te slu\u017ei kao temelj za uspostavljanje spasila\u010dke postaje na kupali\u0161tu. Procjena rizika na pla\u017ei se izra\u0111uje nakon svih gra\u0111evinskih zahvata na odre\u0111enoj pla\u017ei, te u vrijeme kada je pla\u017ea aktivna. Vremenski rok trajanja procjene je 3 godine. Nakon toga potrebno je napraviti reviziju stanja ili po potrebi ranije ako su napravljene gra\u0111evinske izmjene u prostoru.\u00a0<\/p>\n\n\n\n<figure class=\"wp-block-embed aligncenter is-type-video is-provider-youtube wp-block-embed-youtube wp-embed-aspect-16-9 wp-has-aspect-ratio\"><div class=\"wp-block-embed__wrapper\">\n<iframe loading=\"lazy\" title=\"Te\u010daj Hrvatskog Crvenog kri\u017ea za spa\u0161avanje \u017eivota na vodi u ote\u017eanim uvjetima\" width=\"500\" height=\"281\" src=\"https:\/\/www.youtube.com\/embed\/sPDyAXwHHHQ?feature=oembed\" frameborder=\"0\" allow=\"accelerometer; autoplay; clipboard-write; encrypted-media; gyroscope; picture-in-picture; web-share\" referrerpolicy=\"strict-origin-when-cross-origin\" allowfullscreen><\/iframe>\n<\/div><\/figure>\n\n\n\n<p><strong>Kodovi na vodi&nbsp;<\/strong><\/p>\n\n\n\n<p>Radionice se provode kontinuirano u mjesecu travnju \/ svibnju u suradnji sa osnovnim \u0161kolama na podru\u010dju Buj\u0161tine, a u\u010denici dobiju znanja o opasnostima koje vrebaju na moru, rijekama i jezerima, koja je uloga spasioca, te pone\u0161to o ekolo\u0161koj za\u0161titi priobalja. Sve im to dobro do\u0111e tijekom boravka u \u0160koli u prirodi koju \u0161kole organiziraju tijekom svibnja i lipnja na moru.<\/p>\n\n\n\n<div class=\"wp-block-image\"><figure class=\"aligncenter size-large\"><img loading=\"lazy\" decoding=\"async\" width=\"724\" height=\"1024\" src=\"http:\/\/www.crvenikrizbuje.hr\/wp-content\/uploads\/2020\/02\/2009-nauci-kodeks-sigurnosti-724x1024-1.jpg\" alt=\"\" class=\"wp-image-617\" srcset=\"https:\/\/www.crvenikrizbuje.hr\/wp-content\/uploads\/2020\/02\/2009-nauci-kodeks-sigurnosti-724x1024-1.jpg 724w, https:\/\/www.crvenikrizbuje.hr\/wp-content\/uploads\/2020\/02\/2009-nauci-kodeks-sigurnosti-724x1024-1-212x300.jpg 212w\" sizes=\"auto, (max-width: 724px) 100vw, 724px\" \/><\/figure><\/div>\n","protected":false},"excerpt":{"rendered":"<p>Osposobljavanje spasilaca i obnova licenci S ciljem pripreme spasilaca na spa\u0161avanje iz vode u izvanrednim uvjetima (nevrijeme i veliki valovi na moru, poplave na rijekama), pokrenut je projekt edukacije za<\/p>\n","protected":false},"author":1,"featured_media":0,"parent":0,"menu_order":0,"comment_status":"closed","ping_status":"closed","template":"","meta":{"_monsterinsights_skip_tracking":false,"_monsterinsights_sitenote_active":false,"_monsterinsights_sitenote_note":"","_monsterinsights_sitenote_category":0,"footnotes":""},"class_list":["post-615","page","type-page","status-publish","hentry"],"_links":{"self":[{"href":"https:\/\/www.crvenikrizbuje.hr\/index.php?rest_route=\/wp\/v2\/pages\/615","targetHints":{"allow":["GET"]}}],"collection":[{"href":"https:\/\/www.crvenikrizbuje.hr\/index.php?rest_route=\/wp\/v2\/pages"}],"about":[{"href":"https:\/\/www.crvenikrizbuje.hr\/index.php?rest_route=\/wp\/v2\/types\/page"}],"author":[{"embeddable":true,"href":"https:\/\/www.crvenikrizbuje.hr\/index.php?rest_route=\/wp\/v2\/users\/1"}],"replies":[{"embeddable":true,"href":"https:\/\/www.crvenikrizbuje.hr\/index.php?rest_route=%2Fwp%2Fv2%2Fcomments&post=615"}],"version-history":[{"count":0,"href":"https:\/\/www.crvenikrizbuje.hr\/index.php?rest_route=\/wp\/v2\/pages\/615\/revisions"}],"wp:attachment":[{"href":"https:\/\/www.crvenikrizbuje.hr\/index.php?rest_route=%2Fwp%2Fv2%2Fmedia&parent=615"}],"curies":[{"name":"wp","href":"https:\/\/api.w.org\/{rel}","templated":true}]}}