{"id":835,"date":"2020-02-17T22:29:28","date_gmt":"2020-02-17T22:29:28","guid":{"rendered":"http:\/\/www.crvenikrizbuje.hr\/?page_id=835"},"modified":"2022-02-07T07:33:48","modified_gmt":"2022-02-07T07:33:48","slug":"plan-rada","status":"publish","type":"page","link":"https:\/\/www.crvenikrizbuje.hr\/?page_id=835","title":{"rendered":"plan rada"},"content":{"rendered":"\n<div class=\"wp-block-file aligncenter\"><a href=\"https:\/\/www.crvenikrizbuje.hr\/wp-content\/uploads\/2021\/02\/PLAN-RADA-GDCK-BUJE-2016-god..pdf\" target=\"_blank\" rel=\"noreferrer noopener\">PLAN-RADA-GDCK-BUJE-2016-god.<\/a><\/div>\n\n\n\n<div class=\"wp-block-file aligncenter\"><a href=\"https:\/\/www.crvenikrizbuje.hr\/wp-content\/uploads\/2021\/02\/PLAN-RADA-GDCK-BUJE-2017-god..pdf\" target=\"_blank\" rel=\"noreferrer noopener\">PLAN-RADA-GDCK-BUJE-2017-god.<\/a><\/div>\n\n\n\n<div class=\"wp-block-file aligncenter\"><a href=\"https:\/\/www.crvenikrizbuje.hr\/wp-content\/uploads\/2021\/02\/PLAN-RADA-GDCK-Buje-2018-god..pdf\" target=\"_blank\" rel=\"noreferrer noopener\">PLAN-RADA-GDCK-Buje-2018-god.<\/a><\/div>\n\n\n\n<div class=\"wp-block-file aligncenter\"><a href=\"https:\/\/www.crvenikrizbuje.hr\/wp-content\/uploads\/2021\/02\/PLAN-RADA-GDCK-Buje-2019-god.-1.pdf\" target=\"_blank\" rel=\"noreferrer noopener\">PLAN-RADA-GDCK-Buje-2019-god.<\/a><\/div>\n\n\n\n<div class=\"wp-block-file aligncenter\"><a href=\"https:\/\/www.crvenikrizbuje.hr\/wp-content\/uploads\/2021\/02\/PROGRAM-RADA-GRADSKOG-DRUSTVA-CRVENOG-KRIZA-BUJE-2020.pdf\" target=\"_blank\" rel=\"noreferrer noopener\">PLAN-RADA-GDCK-BUJE-2020-god.<\/a><\/div>\n\n\n\n<div class=\"wp-block-file aligncenter\"><a href=\"https:\/\/www.crvenikrizbuje.hr\/wp-content\/uploads\/2022\/02\/PROGRAM-RADA-GRADSKOG-DRUSTVA-CRVENOG-KRIZA-BUJE-2021.pdf\" target=\"_blank\" rel=\"noreferrer noopener\">PLAN-RADA-GDCK-BUJE-2021-god.<\/a><\/div>\n\n\n\n<div class=\"wp-block-file aligncenter\"><a href=\"https:\/\/www.crvenikrizbuje.hr\/wp-content\/uploads\/2022\/02\/PROGRAM-RADA-GRADSKOG-DRUSTVA-CRVENOG-KRIZA-BUJE-2022.pdf\" target=\"_blank\" rel=\"noreferrer noopener\">PLAN-RADA-GDCK-BUJE-2022-god.<\/a><\/div>\n\n\n\n<div class=\"wp-block-image\"><figure class=\"aligncenter size-large\"><img loading=\"lazy\" decoding=\"async\" width=\"1024\" height=\"683\" src=\"http:\/\/www.crvenikrizbuje.hr\/wp-content\/uploads\/2020\/02\/calendars_scheduling_planning_teamwork_by_rawpixel_cc0_via_stocksnap_1200x800-100766074-large-1024x683.jpg\" alt=\"\" class=\"wp-image-844\" srcset=\"https:\/\/www.crvenikrizbuje.hr\/wp-content\/uploads\/2020\/02\/calendars_scheduling_planning_teamwork_by_rawpixel_cc0_via_stocksnap_1200x800-100766074-large-1024x683.jpg 1024w, https:\/\/www.crvenikrizbuje.hr\/wp-content\/uploads\/2020\/02\/calendars_scheduling_planning_teamwork_by_rawpixel_cc0_via_stocksnap_1200x800-100766074-large-300x200.jpg 300w, https:\/\/www.crvenikrizbuje.hr\/wp-content\/uploads\/2020\/02\/calendars_scheduling_planning_teamwork_by_rawpixel_cc0_via_stocksnap_1200x800-100766074-large-768x512.jpg 768w, https:\/\/www.crvenikrizbuje.hr\/wp-content\/uploads\/2020\/02\/calendars_scheduling_planning_teamwork_by_rawpixel_cc0_via_stocksnap_1200x800-100766074-large.jpg 1200w\" sizes=\"auto, (max-width: 1024px) 100vw, 1024px\" \/><\/figure><\/div>\n\n\n\n<div class=\"wp-block-file aligncenter\"><a href=\"https:\/\/www.crvenikrizbuje.hr\/wp-content\/uploads\/2021\/02\/Izvjesce-o-radu-za-2015.-godinu-bez-slika2-NIKI.pdf\" target=\"_blank\" rel=\"noreferrer noopener\">IZVE\u0160\u0106E O RADU -2015.<\/a><\/div>\n\n\n\n<div class=\"wp-block-file aligncenter\"><a href=\"https:\/\/www.crvenikrizbuje.hr\/wp-content\/uploads\/2021\/02\/Izvjesce-o-radu-za-2016.-godinu.pdf\" target=\"_blank\" rel=\"noreferrer noopener\">IZVJE\u0160\u0106E O RADU -2016.<\/a><\/div>\n\n\n\n<div class=\"wp-block-file aligncenter\"><a href=\"https:\/\/www.crvenikrizbuje.hr\/wp-content\/uploads\/2021\/02\/Izvjesce-o-radu-za-2017.-godinu-1.pdf\" target=\"_blank\" rel=\"noreferrer noopener\">IZVJE\u0160\u0106E O RADU -2017.<\/a><\/div>\n\n\n\n<div class=\"wp-block-file aligncenter\"><a href=\"https:\/\/www.crvenikrizbuje.hr\/wp-content\/uploads\/2021\/02\/GDCK-Buje-izvjesce-o-radu-2018-1.pdf\" target=\"_blank\" rel=\"noreferrer noopener\">IZVJE\u0160\u0106E O RADU -2018.<\/a><\/div>\n\n\n\n<div class=\"wp-block-file aligncenter\"><a href=\"https:\/\/www.crvenikrizbuje.hr\/wp-content\/uploads\/2021\/02\/GDCK-Buje-izvjesce-o-radu-2019-1.pdf\" target=\"_blank\" rel=\"noreferrer noopener\">IZVJE\u0160\u0106E O RADU -2019.<\/a><\/div>\n\n\n\n<div class=\"wp-block-file aligncenter\"><a href=\"https:\/\/www.crvenikrizbuje.hr\/wp-content\/uploads\/2022\/02\/Izvjestaj-o-radu-GDCK-2020.pdf\" target=\"_blank\" rel=\"noreferrer noopener\">IZVJE\u0160\u0106E O RADU-2020.<\/a><\/div>\n","protected":false},"excerpt":{"rendered":"PLAN-RADA-GDCK-BUJE-2016-god. PLAN-RADA-GDCK-BUJE-2017-god. PLAN-RADA-GDCK-Buje-2018-god. PLAN-RADA-GDCK-Buje-2019-god. PLAN-RADA-GDCK-BUJE-2020-god. PLAN-RADA-GDCK-BUJE-2021-god. PLAN-RADA-GDCK-BUJE-2022-god. IZVE\u0160\u0106E O RADU -2015. IZVJE\u0160\u0106E O RADU -2016. IZVJE\u0160\u0106E O RADU -2017. IZVJE\u0160\u0106E O RADU -2018. IZVJE\u0160\u0106E O RADU -2019. IZVJE\u0160\u0106E O RADU-2020.","protected":false},"author":1,"featured_media":0,"parent":0,"menu_order":0,"comment_status":"closed","ping_status":"closed","template":"","meta":{"_monsterinsights_skip_tracking":false,"_monsterinsights_sitenote_active":false,"_monsterinsights_sitenote_note":"","_monsterinsights_sitenote_category":0,"footnotes":""},"class_list":["post-835","page","type-page","status-publish","hentry"],"_links":{"self":[{"href":"https:\/\/www.crvenikrizbuje.hr\/index.php?rest_route=\/wp\/v2\/pages\/835","targetHints":{"allow":["GET"]}}],"collection":[{"href":"https:\/\/www.crvenikrizbuje.hr\/index.php?rest_route=\/wp\/v2\/pages"}],"about":[{"href":"https:\/\/www.crvenikrizbuje.hr\/index.php?rest_route=\/wp\/v2\/types\/page"}],"author":[{"embeddable":true,"href":"https:\/\/www.crvenikrizbuje.hr\/index.php?rest_route=\/wp\/v2\/users\/1"}],"replies":[{"embeddable":true,"href":"https:\/\/www.crvenikrizbuje.hr\/index.php?rest_route=%2Fwp%2Fv2%2Fcomments&post=835"}],"version-history":[{"count":0,"href":"https:\/\/www.crvenikrizbuje.hr\/index.php?rest_route=\/wp\/v2\/pages\/835\/revisions"}],"wp:attachment":[{"href":"https:\/\/www.crvenikrizbuje.hr\/index.php?rest_route=%2Fwp%2Fv2%2Fmedia&parent=835"}],"curies":[{"name":"wp","href":"https:\/\/api.w.org\/{rel}","templated":true}]}}

<div class="wp-block-file aligncenter"><a href="https://www.crvenikrizbuje.hr/wp-content/uploads/2021/02/PLAN-RADA-GDCK-BUJE-2016-god..pdf" target="_blank" rel="noreferrer noopener">PLAN-RADA-GDCK-BUJE-2016-god.</a></div>



<div class="wp-block-file aligncenter"><a href="https://www.crvenikrizbuje.hr/wp-content/uploads/2021/02/PLAN-RADA-GDCK-BUJE-2017-god..pdf" target="_blank" rel="noreferrer noopener">PLAN-RADA-GDCK-BUJE-2017-god.</a></div>



<div class="wp-block-file aligncenter"><a href="https://www.crvenikrizbuje.hr/wp-content/uploads/2021/02/PLAN-RADA-GDCK-Buje-2018-god..pdf" target="_blank" rel="noreferrer noopener">PLAN-RADA-GDCK-Buje-2018-god.</a></div>



<div class="wp-block-file aligncenter"><a href="https://www.crvenikrizbuje.hr/wp-content/uploads/2021/02/PLAN-RADA-GDCK-Buje-2019-god.-1.pdf" target="_blank" rel="noreferrer noopener">PLAN-RADA-GDCK-Buje-2019-god.</a></div>



<div class="wp-block-file aligncenter"><a href="https://www.crvenikrizbuje.hr/wp-content/uploads/2021/02/PROGRAM-RADA-GRADSKOG-DRUSTVA-CRVENOG-KRIZA-BUJE-2020.pdf" target="_blank" rel="noreferrer noopener">PLAN-RADA-GDCK-BUJE-2020-god.</a></div>



<div class="wp-block-file aligncenter"><a href="https://www.crvenikrizbuje.hr/wp-content/uploads/2022/02/PROGRAM-RADA-GRADSKOG-DRUSTVA-CRVENOG-KRIZA-BUJE-2021.pdf" target="_blank" rel="noreferrer noopener">PLAN-RADA-GDCK-BUJE-2021-god.</a></div>



<div class="wp-block-file aligncenter"><a href="https://www.crvenikrizbuje.hr/wp-content/uploads/2022/02/PROGRAM-RADA-GRADSKOG-DRUSTVA-CRVENOG-KRIZA-BUJE-2022.pdf" target="_blank" rel="noreferrer noopener">PLAN-RADA-GDCK-BUJE-2022-god.</a></div>



<div class="wp-block-image"><figure class="aligncenter size-large"><img loading="lazy" decoding="async" width="1024" height="683" src="http://www.crvenikrizbuje.hr/wp-content/uploads/2020/02/calendars_scheduling_planning_teamwork_by_rawpixel_cc0_via_stocksnap_1200x800-100766074-large-1024x683.jpg" alt="" class="wp-image-844" srcset="https://www.crvenikrizbuje.hr/wp-content/uploads/2020/02/calendars_scheduling_planning_teamwork_by_rawpixel_cc0_via_stocksnap_1200x800-100766074-large-1024x683.jpg 1024w, https://www.crvenikrizbuje.hr/wp-content/uploads/2020/02/calendars_scheduling_planning_teamwork_by_rawpixel_cc0_via_stocksnap_1200x800-100766074-large-300x200.jpg 300w, https://www.crvenikrizbuje.hr/wp-content/uploads/2020/02/calendars_scheduling_planning_teamwork_by_rawpixel_cc0_via_stocksnap_1200x800-100766074-large-768x512.jpg 768w, https://www.crvenikrizbuje.hr/wp-content/uploads/2020/02/calendars_scheduling_planning_teamwork_by_rawpixel_cc0_via_stocksnap_1200x800-100766074-large.jpg 1200w" sizes="auto, (max-width: 1024px) 100vw, 1024px" /></figure></div>



<div class="wp-block-file aligncenter"><a href="https://www.crvenikrizbuje.hr/wp-content/uploads/2021/02/Izvjesce-o-radu-za-2015.-godinu-bez-slika2-NIKI.pdf" target="_blank" rel="noreferrer noopener">IZVEŠĆE O RADU -2015.</a></div>



<div class="wp-block-file aligncenter"><a href="https://www.crvenikrizbuje.hr/wp-content/uploads/2021/02/Izvjesce-o-radu-za-2016.-godinu.pdf" target="_blank" rel="noreferrer noopener">IZVJEŠĆE O RADU -2016.</a></div>



<div class="wp-block-file aligncenter"><a href="https://www.crvenikrizbuje.hr/wp-content/uploads/2021/02/Izvjesce-o-radu-za-2017.-godinu-1.pdf" target="_blank" rel="noreferrer noopener">IZVJEŠĆE O RADU -2017.</a></div>



<div class="wp-block-file aligncenter"><a href="https://www.crvenikrizbuje.hr/wp-content/uploads/2021/02/GDCK-Buje-izvjesce-o-radu-2018-1.pdf" target="_blank" rel="noreferrer noopener">IZVJEŠĆE O RADU -2018.</a></div>



<div class="wp-block-file aligncenter"><a href="https://www.crvenikrizbuje.hr/wp-content/uploads/2021/02/GDCK-Buje-izvjesce-o-radu-2019-1.pdf" target="_blank" rel="noreferrer noopener">IZVJEŠĆE O RADU -2019.</a></div>



<div class="wp-block-file aligncenter"><a href="https://www.crvenikrizbuje.hr/wp-content/uploads/2022/02/Izvjestaj-o-radu-GDCK-2020.pdf" target="_blank" rel="noreferrer noopener">IZVJEŠĆE O RADU-2020.</a></div>

PLAN-RADA-GDCK-BUJE-2016-god. PLAN-RADA-GDCK-BUJE-2017-god. PLAN-RADA-GDCK-Buje-2018-god. PLAN-RADA-GDCK-Buje-2019-god. PLAN-RADA-GDCK-BUJE-2020-god. PLAN-RADA-GDCK-BUJE-2021-god. PLAN-RADA-GDCK-BUJE-2022-god. IZVEŠĆE O RADU -2015. IZVJEŠĆE O RADU -2016. IZVJEŠĆE O RADU -2017. IZVJEŠĆE O RADU -2018. IZVJEŠĆE O RADU -2019. IZVJEŠĆE O RADU-2020.
