{"id":994,"date":"2020-03-04T08:26:48","date_gmt":"2020-03-04T08:26:48","guid":{"rendered":"http:\/\/www.crvenikrizbuje.hr\/?page_id=994"},"modified":"2020-03-04T08:26:49","modified_gmt":"2020-03-04T08:26:49","slug":"prijavnica-za-doniranje","status":"publish","type":"page","link":"https:\/\/www.crvenikrizbuje.hr\/?page_id=994","title":{"rendered":"PRIJAVNICA ZA DONIRANJE"},"content":{"rendered":"\n<div class=\"wpforms-container wpforms-container-full\" id=\"wpforms-856\"><form id=\"wpforms-form-856\" class=\"wpforms-validate wpforms-form\" data-formid=\"856\" method=\"post\" enctype=\"multipart\/form-data\" action=\"\/index.php?rest_route=%2Fwp%2Fv2%2Fpages%2F994\" data-token=\"0f4427856e4a058df18aba2ace09d06d\" data-token-time=\"1777469273\"><noscript class=\"wpforms-error-noscript\">Please enable JavaScript in your browser to complete this form.<\/noscript><div class=\"wpforms-field-container\"><div id=\"wpforms-856-field_1-container\" class=\"wpforms-field wpforms-field-text\" data-field-id=\"1\"><label class=\"wpforms-field-label\" for=\"wpforms-856-field_1\">Ime i Prezime <span class=\"wpforms-required-label\">*<\/span><\/label><input type=\"text\" id=\"wpforms-856-field_1\" class=\"wpforms-field-medium wpforms-field-required\" name=\"wpforms[fields][1]\" required><\/div><div id=\"wpforms-856-field_2-container\" class=\"wpforms-field wpforms-field-text\" data-field-id=\"2\"><label class=\"wpforms-field-label\" for=\"wpforms-856-field_2\">Datum ro\u0111enja <span class=\"wpforms-required-label\">*<\/span><\/label><input type=\"text\" id=\"wpforms-856-field_2\" class=\"wpforms-field-medium wpforms-field-required\" name=\"wpforms[fields][2]\" required><\/div><div id=\"wpforms-856-field_3-container\" class=\"wpforms-field wpforms-field-checkbox\" data-field-id=\"3\"><label class=\"wpforms-field-label\">Spol <span class=\"wpforms-required-label\">*<\/span><\/label><ul id=\"wpforms-856-field_3\" class=\"wpforms-field-required\"><li class=\"choice-1 depth-1\"><input type=\"checkbox\" id=\"wpforms-856-field_3_1\" name=\"wpforms[fields][3][]\" value=\"Mu\u0161ko\" required ><label class=\"wpforms-field-label-inline\" for=\"wpforms-856-field_3_1\">Mu\u0161ko<\/label><\/li><li class=\"choice-2 depth-1\"><input type=\"checkbox\" id=\"wpforms-856-field_3_2\" name=\"wpforms[fields][3][]\" value=\"\u017densko\" required ><label class=\"wpforms-field-label-inline\" for=\"wpforms-856-field_3_2\">\u017densko<\/label><\/li><\/ul><\/div><div id=\"wpforms-856-field_4-container\" class=\"wpforms-field wpforms-field-text\" data-field-id=\"4\"><label class=\"wpforms-field-label\" for=\"wpforms-856-field_4\">Adresa <span class=\"wpforms-required-label\">*<\/span><\/label><input type=\"text\" id=\"wpforms-856-field_4\" class=\"wpforms-field-medium wpforms-field-required\" name=\"wpforms[fields][4]\" required><\/div><div id=\"wpforms-856-field_5-container\" class=\"wpforms-field wpforms-field-text\" data-field-id=\"5\"><label class=\"wpforms-field-label\" for=\"wpforms-856-field_5\">Grad <span class=\"wpforms-required-label\">*<\/span><\/label><input type=\"text\" id=\"wpforms-856-field_5\" class=\"wpforms-field-medium wpforms-field-required\" name=\"wpforms[fields][5]\" required><\/div><div id=\"wpforms-856-field_6-container\" class=\"wpforms-field wpforms-field-text\" data-field-id=\"6\"><label class=\"wpforms-field-label\" for=\"wpforms-856-field_6\">Telefon <span class=\"wpforms-required-label\">*<\/span><\/label><input type=\"text\" id=\"wpforms-856-field_6\" class=\"wpforms-field-medium wpforms-field-required\" name=\"wpforms[fields][6]\" required><\/div><div id=\"wpforms-856-field_7-container\" class=\"wpforms-field wpforms-field-text\" data-field-id=\"7\"><label class=\"wpforms-field-label\" for=\"wpforms-856-field_7\">Mobitel <span class=\"wpforms-required-label\">*<\/span><\/label><input type=\"text\" id=\"wpforms-856-field_7\" class=\"wpforms-field-medium wpforms-field-required\" name=\"wpforms[fields][7]\" required><\/div><div id=\"wpforms-856-field_21-container\" class=\"wpforms-field wpforms-field-text\" data-field-id=\"21\"><label class=\"wpforms-field-label\" for=\"wpforms-856-field_21\">OIB <span class=\"wpforms-required-label\">*<\/span><\/label><input type=\"text\" id=\"wpforms-856-field_21\" class=\"wpforms-field-medium wpforms-field-required\" name=\"wpforms[fields][21]\" required><\/div><div id=\"wpforms-856-field_8-container\" class=\"wpforms-field wpforms-field-text\" data-field-id=\"8\"><label class=\"wpforms-field-label\" for=\"wpforms-856-field_8\">E-mail <span class=\"wpforms-required-label\">*<\/span><\/label><input type=\"text\" id=\"wpforms-856-field_8\" class=\"wpforms-field-medium wpforms-field-required\" name=\"wpforms[fields][8]\" required><\/div><div id=\"wpforms-856-field_9-container\" class=\"wpforms-field wpforms-field-checkbox\" data-field-id=\"9\"><label class=\"wpforms-field-label\">Stru\u010dna sprema <span class=\"wpforms-required-label\">*<\/span><\/label><ul id=\"wpforms-856-field_9\" class=\"wpforms-field-required\"><li class=\"choice-1 depth-1\"><input type=\"checkbox\" id=\"wpforms-856-field_9_1\" name=\"wpforms[fields][9][]\" value=\"NKV\" required ><label class=\"wpforms-field-label-inline\" for=\"wpforms-856-field_9_1\">NKV<\/label><\/li><li class=\"choice-2 depth-1\"><input type=\"checkbox\" id=\"wpforms-856-field_9_2\" name=\"wpforms[fields][9][]\" value=\"SSS\" required ><label class=\"wpforms-field-label-inline\" for=\"wpforms-856-field_9_2\">SSS<\/label><\/li><li class=\"choice-3 depth-1\"><input type=\"checkbox\" id=\"wpforms-856-field_9_3\" name=\"wpforms[fields][9][]\" value=\"V\u0160S\" required ><label class=\"wpforms-field-label-inline\" for=\"wpforms-856-field_9_3\">V\u0160S<\/label><\/li><li class=\"choice-4 depth-1\"><input type=\"checkbox\" id=\"wpforms-856-field_9_4\" name=\"wpforms[fields][9][]\" value=\"VSS\" required ><label class=\"wpforms-field-label-inline\" for=\"wpforms-856-field_9_4\">VSS<\/label><\/li><li class=\"choice-5 depth-1\"><input type=\"checkbox\" id=\"wpforms-856-field_9_5\" name=\"wpforms[fields][9][]\" value=\"Mr.Sc.\" required ><label class=\"wpforms-field-label-inline\" for=\"wpforms-856-field_9_5\">Mr.Sc.<\/label><\/li><li class=\"choice-6 depth-1\"><input type=\"checkbox\" id=\"wpforms-856-field_9_6\" name=\"wpforms[fields][9][]\" value=\"Dr.Sc.\" required ><label class=\"wpforms-field-label-inline\" for=\"wpforms-856-field_9_6\">Dr.Sc.<\/label><\/li><\/ul><\/div><div id=\"wpforms-856-field_10-container\" class=\"wpforms-field wpforms-field-text\" data-field-id=\"10\"><label class=\"wpforms-field-label\" for=\"wpforms-856-field_10\">Zanimanje (za studente ime studija)<\/label><input type=\"text\" id=\"wpforms-856-field_10\" class=\"wpforms-field-medium\" name=\"wpforms[fields][10]\" ><\/div><div id=\"wpforms-856-field_11-container\" class=\"wpforms-field wpforms-field-checkbox\" data-field-id=\"11\"><label class=\"wpforms-field-label\">Radni status <span class=\"wpforms-required-label\">*<\/span><\/label><ul id=\"wpforms-856-field_11\" class=\"wpforms-field-required\"><li class=\"choice-1 depth-1\"><input type=\"checkbox\" id=\"wpforms-856-field_11_1\" name=\"wpforms[fields][11][]\" value=\"Zaposlen\" required ><label class=\"wpforms-field-label-inline\" for=\"wpforms-856-field_11_1\">Zaposlen<\/label><\/li><li class=\"choice-2 depth-1\"><input type=\"checkbox\" id=\"wpforms-856-field_11_2\" name=\"wpforms[fields][11][]\" value=\"Nezaposlen\" required ><label class=\"wpforms-field-label-inline\" for=\"wpforms-856-field_11_2\">Nezaposlen<\/label><\/li><li class=\"choice-3 depth-1\"><input type=\"checkbox\" id=\"wpforms-856-field_11_3\" name=\"wpforms[fields][11][]\" value=\"Student\" required ><label class=\"wpforms-field-label-inline\" for=\"wpforms-856-field_11_3\">Student<\/label><\/li><li class=\"choice-4 depth-1\"><input type=\"checkbox\" id=\"wpforms-856-field_11_4\" name=\"wpforms[fields][11][]\" value=\"Umirovljenik\" required ><label class=\"wpforms-field-label-inline\" for=\"wpforms-856-field_11_4\">Umirovljenik<\/label><\/li><\/ul><\/div><div id=\"wpforms-856-field_13-container\" class=\"wpforms-field wpforms-field-radio\" data-field-id=\"13\"><label class=\"wpforms-field-label\">Strani jezici<\/label><ul id=\"wpforms-856-field_13\"><li class=\"choice-1 depth-1\"><input type=\"radio\" id=\"wpforms-856-field_13_1\" name=\"wpforms[fields][13]\" value=\"Engleski\"  ><label class=\"wpforms-field-label-inline\" for=\"wpforms-856-field_13_1\">Engleski<\/label><\/li><li class=\"choice-2 depth-1\"><input type=\"radio\" id=\"wpforms-856-field_13_2\" name=\"wpforms[fields][13]\" value=\"Njema\u010dki\"  ><label class=\"wpforms-field-label-inline\" for=\"wpforms-856-field_13_2\">Njema\u010dki<\/label><\/li><li class=\"choice-3 depth-1\"><input type=\"radio\" id=\"wpforms-856-field_13_3\" name=\"wpforms[fields][13]\" value=\"Talijanski\"  ><label class=\"wpforms-field-label-inline\" for=\"wpforms-856-field_13_3\">Talijanski<\/label><\/li><\/ul><\/div><div id=\"wpforms-856-field_14-container\" class=\"wpforms-field wpforms-field-radio\" data-field-id=\"14\"><label class=\"wpforms-field-label\">Voza\u0107ka dozvola <span class=\"wpforms-required-label\">*<\/span><\/label><ul id=\"wpforms-856-field_14\" class=\"wpforms-field-required\"><li class=\"choice-1 depth-1\"><input type=\"radio\" id=\"wpforms-856-field_14_1\" name=\"wpforms[fields][14]\" value=\"A\" required ><label class=\"wpforms-field-label-inline\" for=\"wpforms-856-field_14_1\">A<\/label><\/li><li class=\"choice-2 depth-1\"><input type=\"radio\" id=\"wpforms-856-field_14_2\" name=\"wpforms[fields][14]\" value=\"B\" required ><label class=\"wpforms-field-label-inline\" for=\"wpforms-856-field_14_2\">B<\/label><\/li><li class=\"choice-3 depth-1\"><input type=\"radio\" id=\"wpforms-856-field_14_3\" name=\"wpforms[fields][14]\" value=\"C\" required ><label class=\"wpforms-field-label-inline\" for=\"wpforms-856-field_14_3\">C<\/label><\/li><li class=\"choice-4 depth-1\"><input type=\"radio\" id=\"wpforms-856-field_14_4\" name=\"wpforms[fields][14]\" value=\"D\" required ><label class=\"wpforms-field-label-inline\" for=\"wpforms-856-field_14_4\">D<\/label><\/li><li class=\"choice-5 depth-1\"><input type=\"radio\" id=\"wpforms-856-field_14_5\" name=\"wpforms[fields][14]\" value=\"E\" required ><label class=\"wpforms-field-label-inline\" for=\"wpforms-856-field_14_5\">E<\/label><\/li><li class=\"choice-6 depth-1\"><input type=\"radio\" id=\"wpforms-856-field_14_6\" name=\"wpforms[fields][14]\" value=\"F\" required ><label class=\"wpforms-field-label-inline\" for=\"wpforms-856-field_14_6\">F<\/label><\/li><li class=\"choice-7 depth-1\"><input type=\"radio\" id=\"wpforms-856-field_14_7\" name=\"wpforms[fields][14]\" value=\"G\" required ><label class=\"wpforms-field-label-inline\" for=\"wpforms-856-field_14_7\">G<\/label><\/li><li class=\"choice-8 depth-1\"><input type=\"radio\" id=\"wpforms-856-field_14_8\" name=\"wpforms[fields][14]\" value=\"H\" required ><label class=\"wpforms-field-label-inline\" for=\"wpforms-856-field_14_8\">H<\/label><\/li><li class=\"choice-9 depth-1\"><input type=\"radio\" id=\"wpforms-856-field_14_9\" name=\"wpforms[fields][14]\" value=\"Nemam voza\u010dku dozvolu\" required ><label class=\"wpforms-field-label-inline\" for=\"wpforms-856-field_14_9\">Nemam voza\u010dku dozvolu<\/label><\/li><\/ul><\/div><div id=\"wpforms-856-field_17-container\" class=\"wpforms-field wpforms-field-textarea\" data-field-id=\"17\"><label class=\"wpforms-field-label\" for=\"wpforms-856-field_17\">Ostalo<\/label><textarea id=\"wpforms-856-field_17\" class=\"wpforms-field-medium\" name=\"wpforms[fields][17]\" ><\/textarea><\/div><div id=\"wpforms-856-field_18-container\" class=\"wpforms-field wpforms-field-text\" data-field-id=\"18\"><label class=\"wpforms-field-label\" for=\"wpforms-856-field_18\">Datum ispunjavanja pristupnice<\/label><input type=\"text\" id=\"wpforms-856-field_18\" class=\"wpforms-field-medium\" name=\"wpforms[fields][18]\" ><\/div><\/div><!-- .wpforms-field-container --><div class=\"wpforms-field wpforms-field-hp\"><label for=\"wpforms-856-field-hp\" class=\"wpforms-field-label\">Message<\/label><input type=\"text\" name=\"wpforms[hp]\" id=\"wpforms-856-field-hp\" class=\"wpforms-field-medium\"><\/div><div class=\"wpforms-submit-container\" ><input type=\"hidden\" name=\"wpforms[id]\" value=\"856\"><input type=\"hidden\" name=\"page_title\" value=\"\"><input type=\"hidden\" name=\"page_url\" value=\"https:\/\/www.crvenikrizbuje.hr\/index.php?rest_route=%2Fwp%2Fv2%2Fpages%2F994\"><button type=\"submit\" name=\"wpforms[submit]\" id=\"wpforms-submit-856\" class=\"wpforms-submit\" data-alt-text=\"\u0161alje se...\" data-submit-text=\"Po\u0161alji\" aria-live=\"assertive\" value=\"wpforms-submit\">Po\u0161alji<\/button><\/div><\/form><\/div>  <!-- .wpforms-container -->\n","protected":false},"excerpt":{"rendered":"Please enable JavaScript in your browser to complete this form.Ime i Prezime *Datum ro\u0111enja *Spol *Mu\u0161ko\u017denskoAdresa *Grad *Telefon *Mobitel *OIB *E-mail *Stru\u010dna sprema *NKVSSSV\u0160SVSSMr.Sc.Dr.Sc.Zanimanje (za studente ime studija)Radni status *ZaposlenNezaposlenStudentUmirovljenikStrani","protected":false},"author":1,"featured_media":0,"parent":0,"menu_order":0,"comment_status":"closed","ping_status":"closed","template":"","meta":{"_monsterinsights_skip_tracking":false,"_monsterinsights_sitenote_active":false,"_monsterinsights_sitenote_note":"","_monsterinsights_sitenote_category":0,"footnotes":""},"class_list":["post-994","page","type-page","status-publish","hentry"],"_links":{"self":[{"href":"https:\/\/www.crvenikrizbuje.hr\/index.php?rest_route=\/wp\/v2\/pages\/994","targetHints":{"allow":["GET"]}}],"collection":[{"href":"https:\/\/www.crvenikrizbuje.hr\/index.php?rest_route=\/wp\/v2\/pages"}],"about":[{"href":"https:\/\/www.crvenikrizbuje.hr\/index.php?rest_route=\/wp\/v2\/types\/page"}],"author":[{"embeddable":true,"href":"https:\/\/www.crvenikrizbuje.hr\/index.php?rest_route=\/wp\/v2\/users\/1"}],"replies":[{"embeddable":true,"href":"https:\/\/www.crvenikrizbuje.hr\/index.php?rest_route=%2Fwp%2Fv2%2Fcomments&post=994"}],"version-history":[{"count":0,"href":"https:\/\/www.crvenikrizbuje.hr\/index.php?rest_route=\/wp\/v2\/pages\/994\/revisions"}],"wp:attachment":[{"href":"https:\/\/www.crvenikrizbuje.hr\/index.php?rest_route=%2Fwp%2Fv2%2Fmedia&parent=994"}],"curies":[{"name":"wp","href":"https:\/\/api.w.org\/{rel}","templated":true}]}}